{"id":2626,"date":"2020-05-19T23:40:37","date_gmt":"2020-05-20T04:40:37","guid":{"rendered":"http:\/\/alival.com.co\/express\/producto\/import-placeholder-for-120\/"},"modified":"2026-04-09T10:42:50","modified_gmt":"2026-04-09T15:42:50","slug":"jugo-tampico-cero-pet-x-500-ml","status":"publish","type":"product","link":"https:\/\/alival.com.co\/express\/producto\/jugo-tampico-cero-pet-x-500-ml\/","title":{"rendered":"Tampico Cero Punch 500 mL"},"content":{"rendered":"<p><b>Refresco de agua cero az\u00facar citrus punch<\/b><\/p>\n<p><b>INGREDIENTES:<\/b>\u00a0Agua, \u00e1cido c\u00edtrico, aceite de ma\u00edz, citrato de potasio, goma xantana, \u00e1cido asc\u00f3rbico, citrato de sodio, sorbato de potasio, almid\u00f3n modificado, \u00e1cido m\u00e1lico, sabores naturales y artificiales de naranja, mandarina y lim\u00f3n, sucralosa, acesulfame pot\u00e1sico, EDTA, colorante artificial, jugo de naranja, lim\u00f3n y mandarina reconstituido, neotame.<\/p>\n<p><b><strong>GRASA TOTAL:\u00a0<\/strong><\/b>0 gramos por cada 100 mL.<\/p>\n<p><b>EMPAQUE:\u00a0<\/b>Bolsa y Botella (PET).<\/p>\n<p><b>VIDA \u00daTIL:<\/b>\u00a045 d\u00edas (bolsa) y 120 d\u00edas (botella PET).<\/p>\n<p><b>MODO DE CONSERVACI\u00d3N:<\/b>\u00a0Producto listo para consumir, no requiere refrigeraci\u00f3n. Despu\u00e9s de abierto, debe refrigerarse y consumirse en el menor tiempo posible.<\/p>\n<p>&nbsp;<\/p>\n","protected":false},"excerpt":{"rendered":"<p>Refresco de agua cero az\u00facar citrus punch INGREDIENTES:\u00a0Agua, \u00e1cido c\u00edtrico, aceite de ma\u00edz, citrato de potasio, goma xantana, \u00e1cido asc\u00f3rbico, citrato de sodio, sorbato de potasio, almid\u00f3n modificado, \u00e1cido m\u00e1lico, sabores naturales y artificiales de naranja, mandarina y lim\u00f3n, sucralosa, acesulfame pot\u00e1sico, EDTA, colorante artificial, jugo de naranja, lim\u00f3n y mandarina reconstituido, neotame. GRASA TOTAL:\u00a00 [&hellip;]<\/p>\n","protected":false},"featured_media":17263,"comment_status":"open","ping_status":"closed","template":"","meta":{"_acf_changed":false},"product_brand":[],"product_cat":[154,83],"product_tag":[49,64,65],"class_list":{"0":"post-2626","1":"product","2":"type-product","3":"status-publish","4":"has-post-thumbnail","6":"product_cat-bebidas-refrescantes","7":"product_cat-tampico","8":"product_tag-light","9":"product_tag-refrescante","10":"product_tag-sabores","11":"product_shipping_class-nacional","13":"first","14":"instock","15":"featured","16":"taxable","17":"shipping-taxable","18":"purchasable","19":"product-type-simple"},"acf":[],"_links":{"self":[{"href":"https:\/\/alival.com.co\/express\/wp-json\/wp\/v2\/product\/2626","targetHints":{"allow":["GET"]}}],"collection":[{"href":"https:\/\/alival.com.co\/express\/wp-json\/wp\/v2\/product"}],"about":[{"href":"https:\/\/alival.com.co\/express\/wp-json\/wp\/v2\/types\/product"}],"replies":[{"embeddable":true,"href":"https:\/\/alival.com.co\/express\/wp-json\/wp\/v2\/comments?post=2626"}],"wp:featuredmedia":[{"embeddable":true,"href":"https:\/\/alival.com.co\/express\/wp-json\/wp\/v2\/media\/17263"}],"wp:attachment":[{"href":"https:\/\/alival.com.co\/express\/wp-json\/wp\/v2\/media?parent=2626"}],"wp:term":[{"taxonomy":"product_brand","embeddable":true,"href":"https:\/\/alival.com.co\/express\/wp-json\/wp\/v2\/product_brand?post=2626"},{"taxonomy":"product_cat","embeddable":true,"href":"https:\/\/alival.com.co\/express\/wp-json\/wp\/v2\/product_cat?post=2626"},{"taxonomy":"product_tag","embeddable":true,"href":"https:\/\/alival.com.co\/express\/wp-json\/wp\/v2\/product_tag?post=2626"}],"curies":[{"name":"wp","href":"https:\/\/api.w.org\/{rel}","templated":true}]}}