{"id":2601,"date":"2020-05-19T18:40:29","date_gmt":"2020-05-19T23:40:29","guid":{"rendered":"http:\/\/alival.com.co\/express\/producto\/import-placeholder-for-91\/"},"modified":"2026-04-23T16:37:22","modified_gmt":"2026-04-23T21:37:22","slug":"yogurth-sanfernando-light-descre-deslac-melocoton-vasox160gr","status":"publish","type":"product","link":"https:\/\/alival.com.co\/express\/producto\/yogurth-sanfernando-light-descre-deslac-melocoton-vasox160gr\/","title":{"rendered":"Yogurt Zero Melocot\u00f3n San Fernando vaso 160 mL"},"content":{"rendered":"<p><strong>Yogurt descremado deslactosado<\/strong><\/p>\n<p><strong>INGREDIENTES:<\/strong>\u00a0Leche higienizada descremada l\u00edquida y\/o reconstituida (agua, leche descremada en polvo), base de fruta sin calor\u00edas (agua, fruta), estabilizante (almid\u00f3n de ma\u00edz, carragenina), acidulante, antioxidante, edulcorante (sucralosa), conservantes, colorante, estabilizante (pectina, gelatina), enzima (lactasa), edulcorante (sucralosa), saborizante artificial permitido, cultivos l\u00e1cticos, cultivos probi\u00f3ticos, colorante natural o artificial permitido.<\/p>\n<p><b>GRASA TOTAL:\u00a0<\/b>0 gramos.<\/p>\n<p><b>EMPAQUE:<\/b>\u00a0Vaso (PS) con tapa foil de aluminio grado alimenticio y Botella pl\u00e1stica (PET) con tapa tipo rosca.<\/p>\n<p><b>VIDA \u00daTIL:<\/b>\u00a052 d\u00edas.<\/p>\n<p><b>MODO DE CONSERVACI\u00d3N:\u00a0<\/b>Producto listo para consumir. Requiere refrigeraci\u00f3n, debe agitarse antes de abrir, despu\u00e9s de abierto mantenerse refrigerado y consumirse en el menor tiempo posible.<\/p>\n","protected":false},"excerpt":{"rendered":"<p>Yogurt descremado deslactosado INGREDIENTES:\u00a0Leche higienizada descremada l\u00edquida y\/o reconstituida (agua, leche descremada en polvo), base de fruta sin calor\u00edas (agua, fruta), estabilizante (almid\u00f3n de ma\u00edz, carragenina), acidulante, antioxidante, edulcorante (sucralosa), conservantes, colorante, estabilizante (pectina, gelatina), enzima (lactasa), edulcorante (sucralosa), saborizante artificial permitido, cultivos l\u00e1cticos, cultivos probi\u00f3ticos, colorante natural o artificial permitido. GRASA TOTAL:\u00a00 gramos. EMPAQUE:\u00a0Vaso [&hellip;]<\/p>\n","protected":false},"featured_media":17409,"comment_status":"open","ping_status":"closed","template":"","meta":{"_acf_changed":false},"product_brand":[],"product_cat":[132,122,48],"product_tag":[36,44,49,41,39],"class_list":{"0":"post-2601","1":"product","2":"type-product","3":"status-publish","4":"has-post-thumbnail","6":"product_cat-ofertas-derivados-liquidos","7":"product_cat-yogurt","8":"product_cat-yogurt-y-bebidas-lacteas","9":"product_tag-facil-digestion","10":"product_tag-fitness","11":"product_tag-light","12":"product_tag-saludable","13":"product_tag-sana-alimentacion","14":"product_shipping_class-nacional","16":"first","17":"instock","18":"taxable","19":"shipping-taxable","20":"purchasable","21":"product-type-simple"},"acf":[],"_links":{"self":[{"href":"https:\/\/alival.com.co\/express\/wp-json\/wp\/v2\/product\/2601","targetHints":{"allow":["GET"]}}],"collection":[{"href":"https:\/\/alival.com.co\/express\/wp-json\/wp\/v2\/product"}],"about":[{"href":"https:\/\/alival.com.co\/express\/wp-json\/wp\/v2\/types\/product"}],"replies":[{"embeddable":true,"href":"https:\/\/alival.com.co\/express\/wp-json\/wp\/v2\/comments?post=2601"}],"wp:featuredmedia":[{"embeddable":true,"href":"https:\/\/alival.com.co\/express\/wp-json\/wp\/v2\/media\/17409"}],"wp:attachment":[{"href":"https:\/\/alival.com.co\/express\/wp-json\/wp\/v2\/media?parent=2601"}],"wp:term":[{"taxonomy":"product_brand","embeddable":true,"href":"https:\/\/alival.com.co\/express\/wp-json\/wp\/v2\/product_brand?post=2601"},{"taxonomy":"product_cat","embeddable":true,"href":"https:\/\/alival.com.co\/express\/wp-json\/wp\/v2\/product_cat?post=2601"},{"taxonomy":"product_tag","embeddable":true,"href":"https:\/\/alival.com.co\/express\/wp-json\/wp\/v2\/product_tag?post=2601"}],"curies":[{"name":"wp","href":"https:\/\/api.w.org\/{rel}","templated":true}]}}