{"id":2556,"date":"2020-05-19T23:40:14","date_gmt":"2020-05-20T04:40:14","guid":{"rendered":"http:\/\/alival.com.co\/express\/producto\/import-placeholder-for-39\/"},"modified":"2026-04-23T11:42:04","modified_gmt":"2026-04-23T16:42:04","slug":"leche-san-fdo-uht-light-descrem-deslact-tetrax900ml","status":"publish","type":"product","link":"https:\/\/alival.com.co\/express\/producto\/leche-san-fdo-uht-light-descrem-deslact-tetrax900ml\/","title":{"rendered":"Leche Zero San Fernando Tetra Pak 900 mL"},"content":{"rendered":"<p><strong>Leche Ultra Alta Temperatura UAT (UHT), larga vida descremada deslactosada<\/strong><\/p>\n<p><b>INGREDIENTES:<\/b>\u00a0\u00a0Leche descremada higienizada, estabilizante (Polifosfato de sodio), Enzima (Lactasa).<\/p>\n<p><b>GRASA TOTAL:<\/b>\u00a00,2 gramos\u00a0por cada 100 mL.<\/p>\n<p><strong>EMPAQUE:<\/strong>\u00a0Tetra Pak.<\/p>\n<div>VIDA \u00daTIL:\u00a0 120 d\u00edas.<\/div>\n<p><b>MODO DE CONSERVACI\u00d3N:\u00a0<\/b>Producto para consumo directo. No requiere refrigeraci\u00f3n. Despu\u00e9s de abierto cons\u00e9rvese refrigerado y consumir en el menor tiempo posible. Apto para ser consumido por cualquier persona<\/p>\n","protected":false},"excerpt":{"rendered":"<p>Leche Ultra Alta Temperatura UAT (UHT), larga vida descremada deslactosada INGREDIENTES:\u00a0\u00a0Leche descremada higienizada, estabilizante (Polifosfato de sodio), Enzima (Lactasa). GRASA TOTAL:\u00a00,2 gramos\u00a0por cada 100 mL. EMPAQUE:\u00a0Tetra Pak. VIDA \u00daTIL:\u00a0 120 d\u00edas. MODO DE CONSERVACI\u00d3N:\u00a0Producto para consumo directo. No requiere refrigeraci\u00f3n. Despu\u00e9s de abierto cons\u00e9rvese refrigerado y consumir en el menor tiempo posible. Apto para ser [&hellip;]<\/p>\n","protected":false},"featured_media":17283,"comment_status":"open","ping_status":"closed","template":"","meta":{"_acf_changed":false},"product_brand":[],"product_cat":[25],"product_tag":[36,44,41,39],"class_list":{"0":"post-2556","1":"product","2":"type-product","3":"status-publish","4":"has-post-thumbnail","6":"product_cat-leches","7":"product_tag-facil-digestion","8":"product_tag-fitness","9":"product_tag-saludable","10":"product_tag-sana-alimentacion","11":"product_shipping_class-nacional","13":"first","14":"instock","15":"featured","16":"purchasable","17":"product-type-simple"},"acf":[],"_links":{"self":[{"href":"https:\/\/alival.com.co\/express\/wp-json\/wp\/v2\/product\/2556","targetHints":{"allow":["GET"]}}],"collection":[{"href":"https:\/\/alival.com.co\/express\/wp-json\/wp\/v2\/product"}],"about":[{"href":"https:\/\/alival.com.co\/express\/wp-json\/wp\/v2\/types\/product"}],"replies":[{"embeddable":true,"href":"https:\/\/alival.com.co\/express\/wp-json\/wp\/v2\/comments?post=2556"}],"wp:featuredmedia":[{"embeddable":true,"href":"https:\/\/alival.com.co\/express\/wp-json\/wp\/v2\/media\/17283"}],"wp:attachment":[{"href":"https:\/\/alival.com.co\/express\/wp-json\/wp\/v2\/media?parent=2556"}],"wp:term":[{"taxonomy":"product_brand","embeddable":true,"href":"https:\/\/alival.com.co\/express\/wp-json\/wp\/v2\/product_brand?post=2556"},{"taxonomy":"product_cat","embeddable":true,"href":"https:\/\/alival.com.co\/express\/wp-json\/wp\/v2\/product_cat?post=2556"},{"taxonomy":"product_tag","embeddable":true,"href":"https:\/\/alival.com.co\/express\/wp-json\/wp\/v2\/product_tag?post=2556"}],"curies":[{"name":"wp","href":"https:\/\/api.w.org\/{rel}","templated":true}]}}